{"id":651,"date":"2019-11-25T19:34:10","date_gmt":"2019-11-25T18:34:10","guid":{"rendered":"http:\/\/pilarec.com\/?page_id=651"},"modified":"2024-05-02T10:53:10","modified_gmt":"2024-05-02T08:53:10","slug":"tu-academia-de-ingles","status":"publish","type":"page","link":"https:\/\/pilarec.com\/index.php\/tu-academia-de-ingles\/","title":{"rendered":"TU ACADEMIA DE INGL\u00c9S"},"content":{"rendered":"\n<p class=\"has-text-align-center has-large-font-size\">Haz aqu\u00ed tu ex\u00e1men B2 Cambridge y mas ex\u00e1menes  <\/p>\n\n\n\n<figure class=\"wp-block-image size-large\"><img loading=\"lazy\" decoding=\"async\" width=\"1024\" height=\"768\" src=\"http:\/\/pilarec.com\/wp-content\/uploads\/2018\/01\/100_1050-1024x768.jpg\" alt=\"\" class=\"wp-image-194\" srcset=\"https:\/\/pilarec.com\/wp-content\/uploads\/2018\/01\/100_1050-1024x768.jpg 1024w, https:\/\/pilarec.com\/wp-content\/uploads\/2018\/01\/100_1050-300x225.jpg 300w, https:\/\/pilarec.com\/wp-content\/uploads\/2018\/01\/100_1050-768x576.jpg 768w\" sizes=\"(max-width: 1024px) 100vw, 1024px\" \/><\/figure>\n\n\n\n<h4 class=\"wp-block-heading\">   Pilar\u00b4s English Centre es una academia de ingl\u00e9s en \u00dabeda con m\u00e1s de 30 a\u00f1os de experiencia que abarca desde las edades m\u00e1s tempranas (3 a\u00f1os) hasta adultos. Preparamos a nuestros alumnos para la obtenci\u00f3n de los ex\u00e1menes de Camdridge desde YLE hasta C2.<\/h4>\n\n\n\n<h4 class=\"wp-block-heading\">  Somos <span style=\"color:#014968\" class=\"has-inline-color\">Centro Preparador Premium de Cambridge<\/span> English adscrito al Platinum Examination Centre ES 636 Exams Andaluc\u00eda. <\/h4>\n\n\n\n<h4 class=\"wp-block-heading\">   Adem\u00e1s somos <span style=\"color:#004d6f\" class=\"has-inline-color\">sede examinadora abierta<\/span> a todos aquellos candidatos que deseen hacer su examen oficial de Cambridge con nosotros sin importar donde se hayan preparado.<\/h4>\n\n\n\n<h3 class=\"wp-block-heading\"><em>Tu Academia de ingl\u00e9s en \u00dabeda<\/em><\/h3>\n\n\n\n<h4 class=\"wp-block-heading\"> <strong>  Pilar\u00b4s English Centre est\u00e1 ubicado en una zona f\u00e1cilmente accesible entre dos colegios y al lado del Parque Norte lo que nos permite hacer algunas actividades al aire libre en un entorno alejado de los ruidos de la vida de la ciudad<\/strong>.<\/h4>\n","protected":false},"excerpt":{"rendered":"<p>Haz aqu\u00ed tu ex\u00e1men B2 Cambridge y mas ex\u00e1menes Pilar\u00b4s English Centre es una academia de ingl\u00e9s en \u00dabeda con m\u00e1s de 30 a\u00f1os de experiencia que abarca desde las edades m\u00e1s tempranas (3 a\u00f1os) hasta adultos. Preparamos a nuestros alumnos para la obtenci\u00f3n de los ex\u00e1menes de Camdridge desde YLE hasta C2. Somos Centro [&hellip;]<\/p>\n","protected":false},"author":1,"featured_media":0,"parent":0,"menu_order":0,"comment_status":"closed","ping_status":"closed","template":"","meta":{"footnotes":""},"_links":{"self":[{"href":"https:\/\/pilarec.com\/index.php\/wp-json\/wp\/v2\/pages\/651"}],"collection":[{"href":"https:\/\/pilarec.com\/index.php\/wp-json\/wp\/v2\/pages"}],"about":[{"href":"https:\/\/pilarec.com\/index.php\/wp-json\/wp\/v2\/types\/page"}],"author":[{"embeddable":true,"href":"https:\/\/pilarec.com\/index.php\/wp-json\/wp\/v2\/users\/1"}],"replies":[{"embeddable":true,"href":"https:\/\/pilarec.com\/index.php\/wp-json\/wp\/v2\/comments?post=651"}],"version-history":[{"count":8,"href":"https:\/\/pilarec.com\/index.php\/wp-json\/wp\/v2\/pages\/651\/revisions"}],"predecessor-version":[{"id":1480,"href":"https:\/\/pilarec.com\/index.php\/wp-json\/wp\/v2\/pages\/651\/revisions\/1480"}],"wp:attachment":[{"href":"https:\/\/pilarec.com\/index.php\/wp-json\/wp\/v2\/media?parent=651"}],"curies":[{"name":"wp","href":"https:\/\/api.w.org\/{rel}","templated":true}]}}